{"id":41,"date":"2016-07-28T23:41:10","date_gmt":"2016-07-28T21:41:10","guid":{"rendered":"http:\/\/eiche-mainkling.de\/eiche\/?page_id=41"},"modified":"2022-01-20T16:27:01","modified_gmt":"2022-01-20T15:27:01","slug":"aktion","status":"publish","type":"page","link":"https:\/\/eiche-mainkling.de\/eiche\/aktion\/","title":{"rendered":"Aktionstage"},"content":{"rendered":"<p>[vc_row][vc_column][vc_column_text]<div id=\"eo_fullcalendar_1_loading\" class=\"eo-fullcalendar-loading\" ><img src=\"https:\/\/eiche-mainkling.de\/eiche\/wp-content\/plugins\/event-organiser\/css\/images\/loading-image.gif\" class=\"eo-fullcalendar-loading-icon\" alt=\"Laden&#8230;\" \/> Laden&#8230;<\/div><div class=\"eo-fullcalendar eo-fullcalendar-shortcode eo-fullcalendar-reset eo-fullcalendar-responsive\" id=\"eo_fullcalendar_1\"><\/div>[\/vc_column_text][vc_empty_space][vc_empty_space]<div data-id=\"mpc_divider-466a05930fa5596\" class=\"mpc-divider-wrap\"><div class=\"mpc-divider mpc-init mpc-align--center \" ><div class=\"mpc-divider__line mpc-side--left\"><span><\/span><span><\/span><\/div><div class=\"mpc-divider__separator\"><div class=\"mpc-divider__content\"><img class=\"\" src=\"https:\/\/eiche-mainkling.de\/eiche\/wp-content\/uploads\/2016\/07\/PizzaBlootz1-80x80.png\" width=\"80\" height=\"80\" alt=\"PizzaBlootz1\" title=\"PizzaBlootz1\" \/><\/div><\/div><div class=\"mpc-divider__line mpc-side--right\"><span><\/span><span><\/span><\/div><\/div><\/div><div data-id=\"mpc_icon_column-756a05930fa56ed\" class=\"mpc-icon-column mpc-init mpc-parent-hover mpc-transition mpc-icon-column--style_1 mpc-align--center \" ><div data-id=\"mpc_icon-246a05930fa57b7\" class=\"mpc-icon mpc-init mpc-transition mpc-effect-none mpc-icon--image \"><div class=\"mpc-icon-wrap\"><i class=\"mpc-icon-part mpc-regular mpc-transition \"><\/i><\/div><\/div><div class=\"mpc-icon-column__content-wrap\"><div class=\"mpc-icon-column__content\"><h3 class=\"mpc-icon-column__heading mpc-typography--mpc_preset_131 mpc-transition\">Heimische Spezialit\u00e4ten<\/h3><div data-id=\"mpc_divider-146a05930fa589d\" class=\"mpc-divider-wrap\"><div class=\"mpc-divider mpc-init mpc-align--center mpc-disable--left \" ><div class=\"mpc-divider__line mpc-side--left\"><span><\/span><\/div><div class=\"mpc-divider__line mpc-side--right\"><span><\/span><\/div><\/div><\/div><div class=\"mpc-icon-column__description\"><p style=\"text-align: center;\">Sie lieben gute, herzhafte K\u00fcche, eine urspr\u00fcngliche und ungek\u00fcnstelte Umgebung? Dann sind Sie hier richtig.<\/p>\n<p style=\"text-align: center;\">Sonntags bieten wir wechselnde Spezialit\u00e4ten, passend zur Saison.<\/p>\n<p style=\"text-align: center;\">Jeden 1. Donnerstag gibt\u2018s Schlachtplatte mit selbstgebackenem Brot, freitags unser traditionelles Blootz-Essen. Letzteres ist bereits seit den 60er Jahren \u00fcber die Region hinaus sehr beliebt.<\/p>\n<\/div><\/div><\/div><\/div>[vc_empty_space][\/vc_column][\/vc_row]<\/p>\n","protected":false},"excerpt":{"rendered":"<p>[vc_row][vc_column][vc_column_text][\/vc_column_text][vc_empty_space][vc_empty_space][vc_empty_space][\/vc_column][\/vc_row]<\/p>\n","protected":false},"author":1,"featured_media":0,"parent":0,"menu_order":0,"comment_status":"closed","ping_status":"closed","template":"","meta":[],"_links":{"self":[{"href":"https:\/\/eiche-mainkling.de\/eiche\/wp-json\/wp\/v2\/pages\/41"}],"collection":[{"href":"https:\/\/eiche-mainkling.de\/eiche\/wp-json\/wp\/v2\/pages"}],"about":[{"href":"https:\/\/eiche-mainkling.de\/eiche\/wp-json\/wp\/v2\/types\/page"}],"author":[{"embeddable":true,"href":"https:\/\/eiche-mainkling.de\/eiche\/wp-json\/wp\/v2\/users\/1"}],"replies":[{"embeddable":true,"href":"https:\/\/eiche-mainkling.de\/eiche\/wp-json\/wp\/v2\/comments?post=41"}],"version-history":[{"count":38,"href":"https:\/\/eiche-mainkling.de\/eiche\/wp-json\/wp\/v2\/pages\/41\/revisions"}],"predecessor-version":[{"id":3106,"href":"https:\/\/eiche-mainkling.de\/eiche\/wp-json\/wp\/v2\/pages\/41\/revisions\/3106"}],"wp:attachment":[{"href":"https:\/\/eiche-mainkling.de\/eiche\/wp-json\/wp\/v2\/media?parent=41"}],"curies":[{"name":"wp","href":"https:\/\/api.w.org\/{rel}","templated":true}]}}